{"id":2,"date":"2019-05-05T07:20:39","date_gmt":"2019-05-05T12:20:39","guid":{"rendered":"http:\/\/gemaglobe.com\/?page_id=2"},"modified":"2020-07-24T12:45:43","modified_gmt":"2020-07-24T17:45:43","slug":"pagina-ejemplo","status":"publish","type":"page","link":"https:\/\/gemaglobe.com\/index.php\/pagina-ejemplo\/","title":{"rendered":"Nosotros"},"content":{"rendered":"<p><strong>\u00a0<\/strong><\/p>\n<p><strong><img loading=\"lazy\" class=\"alignright wp-image-299 \" src=\"http:\/\/gemagroupecuador.com\/wp-content\/uploads\/2019\/08\/IMG-20190201-WA0007.jpg\" alt=\"\" width=\"384\" height=\"288\" srcset=\"https:\/\/gemaglobe.com\/wp-content\/uploads\/2019\/08\/IMG-20190201-WA0007.jpg 756w, https:\/\/gemaglobe.com\/wp-content\/uploads\/2019\/08\/IMG-20190201-WA0007-300x225.jpg 300w, https:\/\/gemaglobe.com\/wp-content\/uploads\/2019\/08\/IMG-20190201-WA0007-667x500.jpg 667w, https:\/\/gemaglobe.com\/wp-content\/uploads\/2019\/08\/IMG-20190201-WA0007-400x300.jpg 400w, https:\/\/gemaglobe.com\/wp-content\/uploads\/2019\/08\/IMG-20190201-WA0007-600x450.jpg 600w\" sizes=\"(max-width: 384px) 100vw, 384px\" \/>GEMA GROUP.<\/strong>\u00a0Se form\u00f3 en 2016, como proveedor de instrumentos Geol\u00f3gicos en la ciudad de Quito. En el a\u00f1o 2018 se ampli\u00f3 a las \u00e1reas de <strong>Ambiente<\/strong>, <strong>Geotecnia, Civil, Topograf\u00eda y Geolog\u00eda<\/strong> <strong>de Exploraci\u00f3n <\/strong>para proveerlo de todas las herramientas que requiere un Estudiante y\/o Profesional.<\/p>\n<p>&nbsp;<\/p>\n<p style=\"text-align: left;\">Actualmente es un <strong>importador y fabricante<\/strong> de los m\u00e1s completos que cuenta en el pa\u00eds, llegando a\u00a0posesionarse como proveedora en muchas empresas <strong><em>P\u00fablicas y Privadas<\/em> en todos los campos mineros, geol\u00f3gicos, viales, de infraestructura civil y entre otros.<\/strong><\/p>\n<p>&nbsp;<\/p>\n<p style=\"text-align: left;\"><span style=\"color: #339966;\">Desde ya agradecemos su inter\u00e9s por visitar nuestro sitio web, y le invitamos a mantenerse en contacto permanentemente para que conozca nuestras ofertas y nuevos productos que estamos seguros ser\u00e1n de vuestro inter\u00e9s.<\/span><\/p>\n<p>&nbsp;<\/p>\n<p><strong><img loading=\"lazy\" class=\"wp-image-301 aligncenter\" src=\"http:\/\/gemagroupecuador.com\/wp-content\/uploads\/2019\/08\/Captura-de-pantalla-2019-08-12-a-las-13.43.38.png\" alt=\"\" width=\"376\" height=\"250\" srcset=\"https:\/\/gemaglobe.com\/wp-content\/uploads\/2019\/08\/Captura-de-pantalla-2019-08-12-a-las-13.43.38.png 2046w, https:\/\/gemaglobe.com\/wp-content\/uploads\/2019\/08\/Captura-de-pantalla-2019-08-12-a-las-13.43.38-300x199.png 300w, https:\/\/gemaglobe.com\/wp-content\/uploads\/2019\/08\/Captura-de-pantalla-2019-08-12-a-las-13.43.38-768x510.png 768w, https:\/\/gemaglobe.com\/wp-content\/uploads\/2019\/08\/Captura-de-pantalla-2019-08-12-a-las-13.43.38-1024x680.png 1024w, https:\/\/gemaglobe.com\/wp-content\/uploads\/2019\/08\/Captura-de-pantalla-2019-08-12-a-las-13.43.38-753x500.png 753w, https:\/\/gemaglobe.com\/wp-content\/uploads\/2019\/08\/Captura-de-pantalla-2019-08-12-a-las-13.43.38-452x300.png 452w, https:\/\/gemaglobe.com\/wp-content\/uploads\/2019\/08\/Captura-de-pantalla-2019-08-12-a-las-13.43.38-600x398.png 600w\" sizes=\"(max-width: 376px) 100vw, 376px\" \/><\/strong><\/p>\n<p>&nbsp;<\/p>\n<p><img loading=\"lazy\" class=\"wp-image-300 alignleft\" src=\"http:\/\/gemagroupecuador.com\/wp-content\/uploads\/2019\/08\/IMG_20190314_133527-copy.jpg\" alt=\"\" width=\"531\" height=\"336\" srcset=\"https:\/\/gemaglobe.com\/wp-content\/uploads\/2019\/08\/IMG_20190314_133527-copy.jpg 1871w, https:\/\/gemaglobe.com\/wp-content\/uploads\/2019\/08\/IMG_20190314_133527-copy-300x190.jpg 300w, https:\/\/gemaglobe.com\/wp-content\/uploads\/2019\/08\/IMG_20190314_133527-copy-768x486.jpg 768w, https:\/\/gemaglobe.com\/wp-content\/uploads\/2019\/08\/IMG_20190314_133527-copy-1024x648.jpg 1024w, https:\/\/gemaglobe.com\/wp-content\/uploads\/2019\/08\/IMG_20190314_133527-copy-790x500.jpg 790w, https:\/\/gemaglobe.com\/wp-content\/uploads\/2019\/08\/IMG_20190314_133527-copy-474x300.jpg 474w, https:\/\/gemaglobe.com\/wp-content\/uploads\/2019\/08\/IMG_20190314_133527-copy-600x380.jpg 600w\" sizes=\"(max-width: 531px) 100vw, 531px\" \/><\/p>\n<p><strong>MISI\u00d3N<\/strong><\/p>\n<p>Satisfacer las necesidades del cliente con variedad y calidad en cada uno de los productos, siendo asequible a nivel nacional.<\/p>\n<p>&nbsp;<\/p>\n<p><strong>VISI\u00d3N<\/strong><\/p>\n<p>Enfocado a ser la m\u00e1s COMPLETA empresa del ECUADOR para satisfacer necesidad del ESTUDIANTE y PROFESIONALES DE CAMPO.<\/p>\n","protected":false},"excerpt":{"rendered":"<p>\u00a0 GEMA GROUP.\u00a0Se form\u00f3 en 2016, como proveedor de instrumentos Geol\u00f3gicos en la ciudad de Quito. En el a\u00f1o 2018 se ampli\u00f3 a las \u00e1reas de Ambiente, Geotecnia, Civil, Topograf\u00eda y Geolog\u00eda de Exploraci\u00f3n para proveerlo de todas las herramientas que requiere un Estudiante y\/o Profesional. &nbsp; Actualmente es un importador y fabricante de los [&hellip;]<\/p>\n","protected":false},"author":1,"featured_media":0,"parent":0,"menu_order":0,"comment_status":"closed","ping_status":"closed","template":"","meta":[],"_links":{"self":[{"href":"https:\/\/gemaglobe.com\/index.php\/wp-json\/wp\/v2\/pages\/2"}],"collection":[{"href":"https:\/\/gemaglobe.com\/index.php\/wp-json\/wp\/v2\/pages"}],"about":[{"href":"https:\/\/gemaglobe.com\/index.php\/wp-json\/wp\/v2\/types\/page"}],"author":[{"embeddable":true,"href":"https:\/\/gemaglobe.com\/index.php\/wp-json\/wp\/v2\/users\/1"}],"replies":[{"embeddable":true,"href":"https:\/\/gemaglobe.com\/index.php\/wp-json\/wp\/v2\/comments?post=2"}],"version-history":[{"count":6,"href":"https:\/\/gemaglobe.com\/index.php\/wp-json\/wp\/v2\/pages\/2\/revisions"}],"predecessor-version":[{"id":742,"href":"https:\/\/gemaglobe.com\/index.php\/wp-json\/wp\/v2\/pages\/2\/revisions\/742"}],"wp:attachment":[{"href":"https:\/\/gemaglobe.com\/index.php\/wp-json\/wp\/v2\/media?parent=2"}],"curies":[{"name":"wp","href":"https:\/\/api.w.org\/{rel}","templated":true}]}}