{"id":112,"date":"2019-06-06T05:00:35","date_gmt":"2019-06-06T03:00:35","guid":{"rendered":"http:\/\/gemagroupecuador.com\/?post_type=product&#038;p=112"},"modified":"2019-06-10T16:39:53","modified_gmt":"2019-06-10T14:39:53","slug":"brujula-brunton-compro-transit","status":"publish","type":"product","link":"https:\/\/gemaglobe.com\/index.php\/product\/brujula-brunton-compro-transit\/","title":{"rendered":"Br\u00fajula Brunton ComPro Transit"},"content":{"rendered":"<p>&nbsp;<\/p>\n<ul>\n<li>El \u00fanico im\u00e1n NdFeB resiste la desmagnetizaci\u00f3n mejor que otros tipos de imanes para una mayor confiabilidad<\/li>\n<li>Medidas de \u00e1ngulo vertical para grados de +\/- 90 \u00b0 o 100%<\/li>\n<li>Un porcentaje de venta de grado con incrementos del 5%.<\/li>\n<li>Aguja humedecida por inducci\u00f3n para lecturas r\u00e1pidas y precisas<\/li>\n<li>Rodamiento de zafiro joya permite un movimiento suave de la aguja<\/li>\n<li>Los ajustes de declinaci\u00f3n magn\u00e9tica permiten ajustes de declinaci\u00f3n este u oeste a +\/- 180 \u00b0<\/li>\n<li>Visiones cortas y largas para mayor precisi\u00f3n al observar \u00e1ngulos de acimut o verticales<\/li>\n<li>Espejo alineado de precisi\u00f3n con una conveniente capacidad de observaci\u00f3n &#8220;transparente&#8221;<\/li>\n<li>El material del cuerpo compuesto tiene menos retenci\u00f3n t\u00e9rmica<\/li>\n<li>Montura de tr\u00edpode de bola y casquillo para mayor precisi\u00f3n<\/li>\n<li>Las juntas t\u00f3ricas hacen que la ComPro sea impermeable para una mayor confiabilidad<\/li>\n<li>Funda de piel incluida<\/li>\n<li>Dimensiones generales: 3.2&#8221;x2.8&#8221;x1.3 &#8221;<\/li>\n<li>Peso: 5.7 oz<\/li>\n<li>Origen: USA<\/li>\n<\/ul>\n","protected":false},"excerpt":{"rendered":"<ul>\n<li>Material de aleaci\u00f3n compuesto de fibra resistente<\/li>\n<li>Econ\u00f3mico<\/li>\n<li>Producto americano<\/li>\n<li>Br\u00fajula ligera en el uso diario<\/li>\n<li>Unico con im\u00e1n resistente a desmagnetizaci\u00f3n<\/li>\n<\/ul>\n","protected":false},"featured_media":113,"comment_status":"open","ping_status":"closed","template":"","meta":[],"_links":{"self":[{"href":"https:\/\/gemaglobe.com\/index.php\/wp-json\/wp\/v2\/product\/112"}],"collection":[{"href":"https:\/\/gemaglobe.com\/index.php\/wp-json\/wp\/v2\/product"}],"about":[{"href":"https:\/\/gemaglobe.com\/index.php\/wp-json\/wp\/v2\/types\/product"}],"replies":[{"embeddable":true,"href":"https:\/\/gemaglobe.com\/index.php\/wp-json\/wp\/v2\/comments?post=112"}],"wp:featuredmedia":[{"embeddable":true,"href":"https:\/\/gemaglobe.com\/index.php\/wp-json\/wp\/v2\/media\/113"}],"wp:attachment":[{"href":"https:\/\/gemaglobe.com\/index.php\/wp-json\/wp\/v2\/media?parent=112"}],"curies":[{"name":"wp","href":"https:\/\/api.w.org\/{rel}","templated":true}]}}