{"id":142,"date":"2019-06-10T17:12:41","date_gmt":"2019-06-10T15:12:41","guid":{"rendered":"http:\/\/gemagroupecuador.com\/?post_type=product&#038;p=142"},"modified":"2019-06-12T02:00:22","modified_gmt":"2019-06-12T00:00:22","slug":"iwamoto-20x","status":"publish","type":"product","link":"https:\/\/gemaglobe.com\/index.php\/product\/iwamoto-20x\/","title":{"rendered":"IWAMOTO 20X"},"content":{"rendered":"<p>Lente de mano 20X de campo ancho de calidad superior.<\/p>\n<p>Totalmente corregido por errores esf\u00e9ricos y crom\u00e1ticos a trav\u00e9s de un sistema \u00f3ptico de tres lentes de vidrio.\u00a0Marco cromado con funda de piel.<\/p>\n<p>Di\u00e1metro focal de 9\/16 &#8220;(16 mm), longitud 3\/8&#8221; (10 mm), longitud focal 10-12 mm.<\/p>\n<p>Hecho en Jap\u00f3n.<\/p>\n","protected":false},"excerpt":{"rendered":"<ul>\n<li>Equipada con una base de metal, la cual tiene una argolla para poder colgarla mediante una correa<\/li>\n<li>Garant\u00eda por da\u00f1os de fabrica<\/li>\n<li>Origen: Japon\u00e9s<\/li>\n<\/ul>\n","protected":false},"featured_media":143,"comment_status":"open","ping_status":"closed","template":"","meta":[],"_links":{"self":[{"href":"https:\/\/gemaglobe.com\/index.php\/wp-json\/wp\/v2\/product\/142"}],"collection":[{"href":"https:\/\/gemaglobe.com\/index.php\/wp-json\/wp\/v2\/product"}],"about":[{"href":"https:\/\/gemaglobe.com\/index.php\/wp-json\/wp\/v2\/types\/product"}],"replies":[{"embeddable":true,"href":"https:\/\/gemaglobe.com\/index.php\/wp-json\/wp\/v2\/comments?post=142"}],"wp:featuredmedia":[{"embeddable":true,"href":"https:\/\/gemaglobe.com\/index.php\/wp-json\/wp\/v2\/media\/143"}],"wp:attachment":[{"href":"https:\/\/gemaglobe.com\/index.php\/wp-json\/wp\/v2\/media?parent=142"}],"curies":[{"name":"wp","href":"https:\/\/api.w.org\/{rel}","templated":true}]}}