{"id":149,"date":"2019-06-11T00:32:44","date_gmt":"2019-06-10T22:32:44","guid":{"rendered":"http:\/\/gemagroupecuador.com\/?post_type=product&#038;p=149"},"modified":"2019-07-11T01:44:18","modified_gmt":"2019-07-10T23:44:18","slug":"estuche-profesional","status":"publish","type":"product","link":"https:\/\/gemaglobe.com\/index.php\/product\/estuche-profesional\/","title":{"rendered":"Estuche Profesional"},"content":{"rendered":"","protected":false},"excerpt":{"rendered":"<p>Somos fabricantes en elaboraci\u00f3n de estuches de cuero y sint\u00e9ticos de excelente calidad.<\/p>\n<p>Siempre renovando y dise\u00f1ando a la disposici\u00f3n de usted.<\/p>\n<p>El estuche profesional, es pr\u00e1ctico comprende un uso adecuado de espacios para la libreta de tama\u00f1o normal, br\u00fajula, esferos, rayadores, marcadores.<\/p>\n","protected":false},"featured_media":186,"comment_status":"closed","ping_status":"closed","template":"","meta":[],"_links":{"self":[{"href":"https:\/\/gemaglobe.com\/index.php\/wp-json\/wp\/v2\/product\/149"}],"collection":[{"href":"https:\/\/gemaglobe.com\/index.php\/wp-json\/wp\/v2\/product"}],"about":[{"href":"https:\/\/gemaglobe.com\/index.php\/wp-json\/wp\/v2\/types\/product"}],"replies":[{"embeddable":true,"href":"https:\/\/gemaglobe.com\/index.php\/wp-json\/wp\/v2\/comments?post=149"}],"wp:featuredmedia":[{"embeddable":true,"href":"https:\/\/gemaglobe.com\/index.php\/wp-json\/wp\/v2\/media\/186"}],"wp:attachment":[{"href":"https:\/\/gemaglobe.com\/index.php\/wp-json\/wp\/v2\/media?parent=149"}],"curies":[{"name":"wp","href":"https:\/\/api.w.org\/{rel}","templated":true}]}}