{"id":209,"date":"2019-07-12T06:36:15","date_gmt":"2019-07-12T04:36:15","guid":{"rendered":"http:\/\/gemagroupecuador.com\/?post_type=product&#038;p=209"},"modified":"2019-08-30T11:53:17","modified_gmt":"2019-08-30T16:53:17","slug":"mesa-vibradora-temporizador-mecanico","status":"publish","type":"product","link":"https:\/\/gemaglobe.com\/index.php\/product\/mesa-vibradora-temporizador-mecanico\/","title":{"rendered":"TAMIZADORA (Temporizador MEC\u00c1NICO)"},"content":{"rendered":"<p>El modelo ofrece una precisi\u00f3n y repetibilidad superiores para las separaciones de part\u00edculas para los rangos de tama\u00f1o No. 4 a No. 200 (4.75 mm a 75 \u00b5m). Las unidades de 1 \/ 4hp combinan un movimiento lateral hacia adelante y hacia atr\u00e1s con un movimiento de inclinaci\u00f3n hacia arriba y hacia abajo que hace que el material de prueba se desplace en una \u00f3rbita sobre las superficies de los tamices.\u00a0Tiene capacidad para tamices de 8 pulgadas (203 mm) y tambi\u00e9n acepta tamices ISO 200 mm.<\/p>\n<p>Los agitadores de mesa independientes sostienen una pila de seis tamices de altura completa con una bandeja o doce tamices de media altura y una bandeja.<\/p>\n<p>Contiene un nuevo sistema incorporado que con solo presionar un bot\u00f3n las varillas permite que sea bloqueado con un giro r\u00e1pido de las perillas.<\/p>\n","protected":false},"excerpt":{"rendered":"<p><b>Caracter\u00edsticas<\/b><strong>:<\/strong><\/p>\n<ul>\n<li>Los modelos port\u00e1tiles separan con precisi\u00f3n los materiales No. 4 a No. 200<\/li>\n<li>Los DOTs estatales aceptan y aceptan ampliamente los populares y asequibles Tamices de 8 pulgadas para probar agregados minerales<\/li>\n<li>Las unidades se pueden operar de forma independiente o montadas<\/li>\n<li>Temporizador<\/li>\n<\/ul>\n<p><strong>Disponible 110V y 220V<\/strong><\/p>\n","protected":false},"featured_media":210,"comment_status":"closed","ping_status":"closed","template":"","meta":[],"_links":{"self":[{"href":"https:\/\/gemaglobe.com\/index.php\/wp-json\/wp\/v2\/product\/209"}],"collection":[{"href":"https:\/\/gemaglobe.com\/index.php\/wp-json\/wp\/v2\/product"}],"about":[{"href":"https:\/\/gemaglobe.com\/index.php\/wp-json\/wp\/v2\/types\/product"}],"replies":[{"embeddable":true,"href":"https:\/\/gemaglobe.com\/index.php\/wp-json\/wp\/v2\/comments?post=209"}],"wp:featuredmedia":[{"embeddable":true,"href":"https:\/\/gemaglobe.com\/index.php\/wp-json\/wp\/v2\/media\/210"}],"wp:attachment":[{"href":"https:\/\/gemaglobe.com\/index.php\/wp-json\/wp\/v2\/media?parent=209"}],"curies":[{"name":"wp","href":"https:\/\/api.w.org\/{rel}","templated":true}]}}