{"id":278,"date":"2019-08-09T04:28:09","date_gmt":"2019-08-09T02:28:09","guid":{"rendered":"http:\/\/gemagroupecuador.com\/?post_type=product&#038;p=278"},"modified":"2024-07-13T11:52:47","modified_gmt":"2024-07-13T16:52:47","slug":"casa-grande-limite-liquido-automatico-115v-60hz","status":"publish","type":"product","link":"https:\/\/gemaglobe.com\/index.php\/product\/casa-grande-limite-liquido-automatico-115v-60hz\/","title":{"rendered":"Casa Grande (L\u00cdmite L\u00cdquido) &#8211; AUTOMATICO 115V-60Hz"},"content":{"rendered":"","protected":false},"excerpt":{"rendered":"<ul>\n<li style=\"text-align: left;\">Casagrande es un aparato desarrollado para la determinaci\u00f3n del l\u00edmite l\u00edquido de los suelos.<\/li>\n<li>La base cumple con el requisito de residencia exigido por la norma<\/li>\n<li><strong>Uso de un motor con engranaje especial que garantiza una velocidad de funcionamiento adecuado<\/strong><\/li>\n<li><strong>El contador es m\u00e1s preciso<\/strong><\/li>\n<li><strong>Interruptor de encendido y apagado<\/strong><\/li>\n<\/ul>\n","protected":false},"featured_media":279,"comment_status":"open","ping_status":"closed","template":"","meta":[],"_links":{"self":[{"href":"https:\/\/gemaglobe.com\/index.php\/wp-json\/wp\/v2\/product\/278"}],"collection":[{"href":"https:\/\/gemaglobe.com\/index.php\/wp-json\/wp\/v2\/product"}],"about":[{"href":"https:\/\/gemaglobe.com\/index.php\/wp-json\/wp\/v2\/types\/product"}],"replies":[{"embeddable":true,"href":"https:\/\/gemaglobe.com\/index.php\/wp-json\/wp\/v2\/comments?post=278"}],"wp:featuredmedia":[{"embeddable":true,"href":"https:\/\/gemaglobe.com\/index.php\/wp-json\/wp\/v2\/media\/279"}],"wp:attachment":[{"href":"https:\/\/gemaglobe.com\/index.php\/wp-json\/wp\/v2\/media?parent=278"}],"curies":[{"name":"wp","href":"https:\/\/api.w.org\/{rel}","templated":true}]}}