{"id":393,"date":"2019-08-29T22:51:29","date_gmt":"2019-08-30T03:51:29","guid":{"rendered":"http:\/\/gemagroupecuador.com\/?post_type=product&#038;p=393"},"modified":"2019-08-30T09:40:36","modified_gmt":"2019-08-30T14:40:36","slug":"flagging-tape-cinta","status":"publish","type":"product","link":"https:\/\/gemaglobe.com\/index.php\/product\/flagging-tape-cinta\/","title":{"rendered":"FLAGGING TAPE (cinta)"},"content":{"rendered":"","protected":false},"excerpt":{"rendered":"<p><b>Caracter\u00edsticas<\/b><strong>:<\/strong><\/p>\n<ul>\n<li>Alta visibilidad.<\/li>\n<li>Marcador para exteriores m\u00e1s duradero y duradero<\/li>\n<li>Resistencia a la tracci\u00f3n<\/li>\n<li>El mas usado por profesionales de la industria de topograf\u00eda, construcci\u00f3n, silvicultura, miner\u00eda, geof\u00edsica, hardware y exploraci\u00f3n de petr\u00f3leo.<\/li>\n<li>Rollo de 91 metros<\/li>\n<li>Se vende individual y por docena.<\/li>\n<\/ul>\n","protected":false},"featured_media":395,"comment_status":"closed","ping_status":"closed","template":"","meta":[],"_links":{"self":[{"href":"https:\/\/gemaglobe.com\/index.php\/wp-json\/wp\/v2\/product\/393"}],"collection":[{"href":"https:\/\/gemaglobe.com\/index.php\/wp-json\/wp\/v2\/product"}],"about":[{"href":"https:\/\/gemaglobe.com\/index.php\/wp-json\/wp\/v2\/types\/product"}],"replies":[{"embeddable":true,"href":"https:\/\/gemaglobe.com\/index.php\/wp-json\/wp\/v2\/comments?post=393"}],"wp:featuredmedia":[{"embeddable":true,"href":"https:\/\/gemaglobe.com\/index.php\/wp-json\/wp\/v2\/media\/395"}],"wp:attachment":[{"href":"https:\/\/gemaglobe.com\/index.php\/wp-json\/wp\/v2\/media?parent=393"}],"curies":[{"name":"wp","href":"https:\/\/api.w.org\/{rel}","templated":true}]}}