{"id":459,"date":"2019-09-30T16:03:17","date_gmt":"2019-09-30T21:03:17","guid":{"rendered":"http:\/\/gemagroup.ec\/?post_type=product&#038;p=459"},"modified":"2019-09-30T16:04:42","modified_gmt":"2019-09-30T21:04:42","slug":"martillo-de-schmidt-hormigon-esclerometro","status":"publish","type":"product","link":"https:\/\/gemaglobe.com\/index.php\/product\/martillo-de-schmidt-hormigon-esclerometro\/","title":{"rendered":"MARTILLO DE SCHMIDT (HORMIG\u00d3N) &#8211; ESCLER\u00d3METRO"},"content":{"rendered":"<p><strong>Especificaciones:<\/strong><\/p>\n<ul>\n<li>Longitud del puntero: 20.0 \u00b1 0.2 (mm)<\/li>\n<li>Fricci\u00f3n del puntero: 0.65 \u00b1 0.15 (N)<\/li>\n<li>Esfera de semi di\u00e1metro al final de la varilla: 25 \u00b1 1.0 (mm)<\/li>\n<li>Rigidez del resorte tensado por volteo: 785.0 \u00b1 40.0 (N \/ m)<\/li>\n<li>Ubicaci\u00f3n de la liberaci\u00f3n del gancho del martillo giratorio: &#8220;100&#8221; en la marca de escala<\/li>\n<li>Longitud de trabajo del resorte tensado por volteo: 61.5.0 \u00b1 0.3 (mm)<\/li>\n<li>Longitud de impacto del martillo giratorio: 75 \u00b1 0.3 (mm)<\/li>\n<li>Ubicaci\u00f3n del salto del martillo giratorio: &#8220;0&#8221; en la escala graduada<\/li>\n<li>Valor fijo del yunque de acero: 80 \u00b1 2 (nuestros productos est\u00e1n controlados entre 80-81)<\/li>\n<\/ul>\n<p><strong>Incluye:<\/strong><\/p>\n<ul>\n<li>Probador de martillo de rebote concreto<\/li>\n<li>Piedra de amolar<\/li>\n<li>Voltear el resorte de tensi\u00f3n<\/li>\n<li>Muelle de amortiguaci\u00f3n<\/li>\n<li>Destornillador<\/li>\n<li>Manual de instrucciones<\/li>\n<\/ul>\n","protected":false},"excerpt":{"rendered":"<p><strong>Caracter\u00edsticas:<\/strong><\/p>\n<ul>\n<li>El medidor est\u00e1 de acuerdo con la regulaci\u00f3n t\u00e9cnica de JGJ \/ T23-2001<\/li>\n<li>Mide la resistencia a la compresi\u00f3n del concreto dentro del alcance de 10-60Mpa<\/li>\n<li>Mide la energ\u00eda est\u00e1ndar del sistema de 2.207J<\/li>\n<li>Sistema indicador de valor de lectura directa del puntero<\/li>\n<li>Flexible, econ\u00f3mico, sin energ\u00eda, f\u00e1cil de dominar<\/li>\n<li>El puntero es f\u00e1cil de ajustar por fricci\u00f3n.<\/li>\n<\/ul>\n","protected":false},"featured_media":460,"comment_status":"closed","ping_status":"closed","template":"","meta":[],"_links":{"self":[{"href":"https:\/\/gemaglobe.com\/index.php\/wp-json\/wp\/v2\/product\/459"}],"collection":[{"href":"https:\/\/gemaglobe.com\/index.php\/wp-json\/wp\/v2\/product"}],"about":[{"href":"https:\/\/gemaglobe.com\/index.php\/wp-json\/wp\/v2\/types\/product"}],"replies":[{"embeddable":true,"href":"https:\/\/gemaglobe.com\/index.php\/wp-json\/wp\/v2\/comments?post=459"}],"wp:featuredmedia":[{"embeddable":true,"href":"https:\/\/gemaglobe.com\/index.php\/wp-json\/wp\/v2\/media\/460"}],"wp:attachment":[{"href":"https:\/\/gemaglobe.com\/index.php\/wp-json\/wp\/v2\/media?parent=459"}],"curies":[{"name":"wp","href":"https:\/\/api.w.org\/{rel}","templated":true}]}}