{"id":462,"date":"2019-09-30T21:43:48","date_gmt":"2019-10-01T02:43:48","guid":{"rendered":"http:\/\/gemagroup.ec\/?post_type=product&#038;p=462"},"modified":"2022-10-10T13:58:54","modified_gmt":"2022-10-10T18:58:54","slug":"penetrometro-de-hormigon-esclerometro-de-bolsillo","status":"publish","type":"product","link":"https:\/\/gemaglobe.com\/index.php\/product\/penetrometro-de-hormigon-esclerometro-de-bolsillo\/","title":{"rendered":"PENETROMETRO DE HORMIGON (de bolsillo)"},"content":{"rendered":"","protected":false},"excerpt":{"rendered":"<p><strong>El penetr\u00f3metro de bolsillo de hormig\u00f3n <\/strong>\u00a0es una unidad resistente y liviana que utiliza un resorte de reacci\u00f3n calibrado para mayor resistencia.<\/p>\n<p>Se utiliza para realizar evaluaciones de laboratorio o de campo del conjunto inicial de mortero de concreto.<\/p>\n<p>La construcci\u00f3n de acero chapado resiste el \u00f3xido y se mantiene firme en condiciones de campo dif\u00edciles.<\/p>\n<p>La escala de 0 a 700 psi est\u00e1 grabada en el barril del pist\u00f3n.<\/p>\n<p>Una banda indicadora ajustada se desliza sobre el pist\u00f3n para registrar las lecturas m\u00e1ximas.<\/p>\n","protected":false},"featured_media":465,"comment_status":"closed","ping_status":"closed","template":"","meta":[],"_links":{"self":[{"href":"https:\/\/gemaglobe.com\/index.php\/wp-json\/wp\/v2\/product\/462"}],"collection":[{"href":"https:\/\/gemaglobe.com\/index.php\/wp-json\/wp\/v2\/product"}],"about":[{"href":"https:\/\/gemaglobe.com\/index.php\/wp-json\/wp\/v2\/types\/product"}],"replies":[{"embeddable":true,"href":"https:\/\/gemaglobe.com\/index.php\/wp-json\/wp\/v2\/comments?post=462"}],"wp:featuredmedia":[{"embeddable":true,"href":"https:\/\/gemaglobe.com\/index.php\/wp-json\/wp\/v2\/media\/465"}],"wp:attachment":[{"href":"https:\/\/gemaglobe.com\/index.php\/wp-json\/wp\/v2\/media?parent=462"}],"curies":[{"name":"wp","href":"https:\/\/api.w.org\/{rel}","templated":true}]}}