{"id":592,"date":"2020-05-31T17:50:39","date_gmt":"2020-05-31T22:50:39","guid":{"rendered":"http:\/\/gemagroup.ec\/?post_type=product&#038;p=592"},"modified":"2020-06-01T17:11:56","modified_gmt":"2020-06-01T22:11:56","slug":"et-convencional-kts-442","status":"publish","type":"product","link":"https:\/\/gemaglobe.com\/index.php\/product\/et-convencional-kts-442\/","title":{"rendered":"ET Convencional &#8211; KTS-442"},"content":{"rendered":"<p>La velocidad de medici\u00f3n de distancia m\u00e1s r\u00e1pida es de 0.1 a 0.3 segundos, con una precisi\u00f3n de 2 mm, lo que hace que cualquier trabajo sea extremadamente rentable y confiable<\/p>\n<p>La memoria interna de 4Mb puede almacenar 40,000 puntos, la tarjeta SD de hasta 32 Gb puede almacenar una gran cantidad de datos.\u00a0Los usuarios no necesitan preocuparse por el espacio de memoria.\u00a0Operaci\u00f3n sencilla al agregar, eliminar, modificar, transferir datos. La PC puede reconocer la estaci\u00f3n total como un disco de memoria flash.<\/p>\n<p>IP55 a prueba de polvo \/ impermeable garantiza la alta confiabilidad de 442 en todas las condiciones clim\u00e1ticas y permite trabajar incluso en condiciones muy h\u00famedas y donde hay arena y polvo.<\/p>\n<p>El telescopio de alto rendimiento, con 30 aumentos y ret\u00edcula iluminada, proporcionan la mejor calidad de observaci\u00f3n en cualquier condici\u00f3n de iluminaci\u00f3n.<\/p>\n<p>Varios de los programas de topograf\u00eda a bordo permiten a los top\u00f3grafos completar sus tareas directamente en el campo: desplazamiento de \u00e1ngulo, repetici\u00f3n de \u00e1ngulo, desplazamiento de doble distancia, medici\u00f3n de coordenadas, REM, MLM, replanteo, dise\u00f1o de carreteras, c\u00e1lculo de \u00e1rea, l\u00ednea de referencia, proyecci\u00f3n de puntos, configuraci\u00f3n fuera del arco, etc.<\/p>\n<p>El dispositivo externo se puede vincular a la estaci\u00f3n total, a trav\u00e9s de la conexi\u00f3n inal\u00e1mbrica Bluetooth \u2122.\u00a0Luego, los usuarios pueden usar su software de mapeo (Windows Mobile o Android, Field Genius o SurvX) con 442 estaciones totales.<\/p>\n<p><!--more--><img loading=\"lazy\" class=\"aligncenter wp-image-597 size-full\" src=\"http:\/\/gemagroup.ec\/wp-content\/uploads\/2020\/05\/Captura-de-pantalla-2020-05-31-a-las-18.03.58.png\" alt=\"\" width=\"1596\" height=\"1654\" srcset=\"https:\/\/gemaglobe.com\/wp-content\/uploads\/2020\/05\/Captura-de-pantalla-2020-05-31-a-las-18.03.58.png 1596w, https:\/\/gemaglobe.com\/wp-content\/uploads\/2020\/05\/Captura-de-pantalla-2020-05-31-a-las-18.03.58-289x300.png 289w, https:\/\/gemaglobe.com\/wp-content\/uploads\/2020\/05\/Captura-de-pantalla-2020-05-31-a-las-18.03.58-768x796.png 768w, https:\/\/gemaglobe.com\/wp-content\/uploads\/2020\/05\/Captura-de-pantalla-2020-05-31-a-las-18.03.58-988x1024.png 988w, https:\/\/gemaglobe.com\/wp-content\/uploads\/2020\/05\/Captura-de-pantalla-2020-05-31-a-las-18.03.58-482x500.png 482w, https:\/\/gemaglobe.com\/wp-content\/uploads\/2020\/05\/Captura-de-pantalla-2020-05-31-a-las-18.03.58-600x622.png 600w\" sizes=\"(max-width: 1596px) 100vw, 1596px\" \/><\/p>\n","protected":false},"excerpt":{"rendered":"<p><strong>Caracter\u00edsticas:<\/strong><\/p>\n<ul>\n<li><span class=\"card__icon-title\">Mediciones de 600 \/ 800m (<\/span>sin reflector)<\/li>\n<li><em><strong>Con plomada l\u00e1ser<\/strong><\/em> o <em><strong>sin reflector<\/strong><\/em><\/li>\n<li><span class=\"card__icon-title\">5-10km <\/span>Medici\u00f3n de larga distancia<\/li>\n<li>Comunicaci\u00f3n <span class=\"card__icon-title\">Bluetooth <\/span>con dispositivo externo<\/li>\n<li>Memoria interna de 4Mb y 32Gb externa<\/li>\n<li>A prueba de polvo \/ impermeable<\/li>\n<\/ul>\n","protected":false},"featured_media":595,"comment_status":"closed","ping_status":"closed","template":"","meta":[],"_links":{"self":[{"href":"https:\/\/gemaglobe.com\/index.php\/wp-json\/wp\/v2\/product\/592"}],"collection":[{"href":"https:\/\/gemaglobe.com\/index.php\/wp-json\/wp\/v2\/product"}],"about":[{"href":"https:\/\/gemaglobe.com\/index.php\/wp-json\/wp\/v2\/types\/product"}],"replies":[{"embeddable":true,"href":"https:\/\/gemaglobe.com\/index.php\/wp-json\/wp\/v2\/comments?post=592"}],"wp:featuredmedia":[{"embeddable":true,"href":"https:\/\/gemaglobe.com\/index.php\/wp-json\/wp\/v2\/media\/595"}],"wp:attachment":[{"href":"https:\/\/gemaglobe.com\/index.php\/wp-json\/wp\/v2\/media?parent=592"}],"curies":[{"name":"wp","href":"https:\/\/api.w.org\/{rel}","templated":true}]}}