{"id":737,"date":"2020-07-22T09:59:38","date_gmt":"2020-07-22T14:59:38","guid":{"rendered":"http:\/\/gemagroup.ec\/?post_type=product&#038;p=737"},"modified":"2020-07-22T09:59:38","modified_gmt":"2020-07-22T14:59:38","slug":"teodolito-multifuncion","status":"publish","type":"product","link":"https:\/\/gemaglobe.com\/index.php\/product\/teodolito-multifuncion\/","title":{"rendered":"TEODOLITO multifunci\u00f3n"},"content":{"rendered":"<table style=\"height: 201px;\" width=\"938\">\n<tbody>\n<tr class=\"firstRow\">\n<td valign=\"top\" width=\"183\"><img loading=\"lazy\" class=\"aligncenter\" title=\"11b\" src=\"http:\/\/www.kolidainstrument.com\/uploads\/image\/2019-03-27\/5c9aa7815f6c1.jpg\" alt=\"11b\" width=\"133\" height=\"133\" \/><\/td>\n<td valign=\"top\" width=\"431\"><span>AHORRE INVERSI\u00d3N<\/span><\/p>\n<p><span>EN EQUIPOS<\/span><\/td>\n<td colspan=\"1\" rowspan=\"1\" valign=\"top\" width=\"461\"><span>Este teodolito puede medir 300 m de distancia por prisma, con una precisi\u00f3n de 3 mm + 2 ppm.\u00a0El resultado de la distancia se puede mostrar en SD \/ HD \/ VD.\u00a0Es m\u00e1s potente y preciso que el disto y las cintas tradicionales.<\/span><\/td>\n<\/tr>\n<\/tbody>\n<\/table>\n<table style=\"height: 126px;\" width=\"938\">\n<tbody>\n<tr class=\"firstRow\">\n<td valign=\"top\" width=\"183\"><img loading=\"lazy\" class=\"\" title=\"im\u00e1genes\" src=\"http:\/\/www.kolidainstrument.com\/uploads\/image\/2019-03-27\/5c9aa8a9d83fa.png\" alt=\"im\u00e1genes\" width=\"130\" height=\"130\" \/><\/td>\n<td valign=\"top\" width=\"431\"><span>AHORRE COSTO LABORAL<\/span><\/td>\n<td colspan=\"1\" rowspan=\"1\" valign=\"top\" width=\"461\"><span>Gracias al programa de configuraci\u00f3n del eje a bordo, ahora dos top\u00f3grafos son capaces de hacer el trabajo de cuatro hombres.\u00a0Dos m\u00e9todos de configuraci\u00f3n a elegir seg\u00fan las necesidades de los usuarios.\u00a0<\/span><\/td>\n<\/tr>\n<\/tbody>\n<\/table>\n<table style=\"height: 178px;\" width=\"938\">\n<tbody>\n<tr class=\"firstRow\">\n<td valign=\"top\" width=\"183\"><img loading=\"lazy\" class=\"\" title=\"ue\" src=\"http:\/\/www.kolidainstrument.com\/uploads\/image\/2019-03-24\/5c96b784e5ec4.png\" alt=\"ue\" width=\"145\" height=\"144\" \/><\/td>\n<td valign=\"top\" width=\"430\">EXPERIENCIA\u00a0DE USUARIO<\/p>\n<p>ES MEJOR<span class=\"card__icon-title\">Eje de replanteo<br \/>\n<\/span><\/p>\n<p><span>Dos m\u00e9todos para elegir<\/span><\/td>\n<td colspan=\"1\" rowspan=\"1\" valign=\"top\" width=\"462\">Dos teclados num\u00e9ricos completos permiten al usuario realizar una entrada de datos muy r\u00e1pida.<\/p>\n<p>Con solo presionar un bot\u00f3n, el usuario puede cambiar el modo de trabajo entre \u00c1ngulo \/ Distancia \/ Configuraci\u00f3n.<\/p>\n<p>La plomada l\u00e1ser \/ puntero l\u00e1ser \/ E-bubble \/ Back Light tambi\u00e9n se puede activar con solo presionar un bot\u00f3n.<\/td>\n<\/tr>\n<\/tbody>\n<\/table>\n<table style=\"height: 121px;\" width=\"937\">\n<tbody>\n<tr class=\"firstRow\">\n<td valign=\"top\" width=\"183\"><img loading=\"lazy\" class=\"\" title=\"trabajos\" src=\"http:\/\/www.kolidainstrument.com\/uploads\/image\/2019-03-24\/5c96b8a8ba657.png\" alt=\"trabajos\" width=\"137\" height=\"137\" \/><\/td>\n<td valign=\"top\" width=\"431\"><span>LARGO\u00a0<\/span><\/p>\n<p><span>HORARIO\u00a0DE TRABAJO\u00a0<\/span><\/td>\n<td colspan=\"1\" rowspan=\"1\" valign=\"top\" width=\"461\"><span>El programa de ahorro de energ\u00eda y la bater\u00eda de litio m\u00e1s nueva ayudan a este teodolito a funcionar durante 8 horas para medir y configurar distancias.\u00a0<\/span><\/td>\n<\/tr>\n<\/tbody>\n<\/table>\n","protected":false},"excerpt":{"rendered":"<p><strong>CARACTERISTICAS:<\/strong><\/p>\n<ul>\n<li><span class=\"card__icon-title\"><span>300m. <\/span><\/span>Medida de distancia<\/li>\n<li><span class=\"card__icon-title\"><span>Eje de replanteo. <\/span><\/span>Dos m\u00e9todos para elegir<\/li>\n<li><span class=\"card__icon-title\"><span>Num\u00e9rico completo. <\/span><\/span>Teclado con teclas funcionales<\/li>\n<li><span class=\"card__icon-title\"><span>Ahorro de energ\u00eda. <\/span><\/span>Largas horas de trabajo<\/li>\n<li><span class=\"product-specs__highlights-sub-title\"><span>Exactitud <\/span><\/span><span class=\"product-specs__highlights-desc\"><span>2 &#8221;<br \/>\n<\/span><\/span><\/li>\n<li><span class=\"product-specs__highlights-sub-title\"><span>Compensador. <\/span><\/span>Eje \u00fanico l\u00edquido-el\u00e9ctrico<span class=\"product-specs__highlights-desc\" style=\"font-family: -apple-system, BlinkMacSystemFont, 'Segoe UI', Roboto, Oxygen-Sans, Ubuntu, Cantarell, 'Helvetica Neue', sans-serif;\">Rango \u00b1 3 &#8216;, precisi\u00f3n 3 &#8220;<\/span><\/li>\n<li><span class=\"product-specs__highlights-sub-title\"><span>Lectura m\u00ednima <\/span><\/span><span class=\"product-specs__highlights-desc\"><span>1 &#8221;\u00a0<\/span><\/span><\/li>\n<li><span class=\"product-specs__highlights-sub-title\"><span>Puntero l\u00e1ser y plomada l\u00e1ser<\/span><\/span><\/li>\n<\/ul>\n","protected":false},"featured_media":738,"comment_status":"closed","ping_status":"closed","template":"","meta":[],"_links":{"self":[{"href":"https:\/\/gemaglobe.com\/index.php\/wp-json\/wp\/v2\/product\/737"}],"collection":[{"href":"https:\/\/gemaglobe.com\/index.php\/wp-json\/wp\/v2\/product"}],"about":[{"href":"https:\/\/gemaglobe.com\/index.php\/wp-json\/wp\/v2\/types\/product"}],"replies":[{"embeddable":true,"href":"https:\/\/gemaglobe.com\/index.php\/wp-json\/wp\/v2\/comments?post=737"}],"wp:featuredmedia":[{"embeddable":true,"href":"https:\/\/gemaglobe.com\/index.php\/wp-json\/wp\/v2\/media\/738"}],"wp:attachment":[{"href":"https:\/\/gemaglobe.com\/index.php\/wp-json\/wp\/v2\/media?parent=737"}],"curies":[{"name":"wp","href":"https:\/\/api.w.org\/{rel}","templated":true}]}}