{"id":89,"date":"2019-06-05T19:35:59","date_gmt":"2019-06-05T17:35:59","guid":{"rendered":"http:\/\/gemagroupecuador.com\/?post_type=product&#038;p=89"},"modified":"2023-04-10T16:36:24","modified_gmt":"2023-04-10T21:36:24","slug":"tipo-brunton-metalica-generica-copia","status":"publish","type":"product","link":"https:\/\/gemaglobe.com\/index.php\/product\/tipo-brunton-metalica-generica-copia\/","title":{"rendered":"Br\u00fajula Tipo brunton Met\u00e1lica (Gen\u00e9rica)"},"content":{"rendered":"","protected":false},"excerpt":{"rendered":"<p>Las bru\u0301julas son de menor calidad y precisio\u0301n de una brunton pero tiene una gran aceptacio\u0301n y uso por parte de los profesionales y estudiantes que se enfoca a un uso practico de bajo costo.<\/p>\n","protected":false},"featured_media":163,"comment_status":"open","ping_status":"closed","template":"","meta":[],"_links":{"self":[{"href":"https:\/\/gemaglobe.com\/index.php\/wp-json\/wp\/v2\/product\/89"}],"collection":[{"href":"https:\/\/gemaglobe.com\/index.php\/wp-json\/wp\/v2\/product"}],"about":[{"href":"https:\/\/gemaglobe.com\/index.php\/wp-json\/wp\/v2\/types\/product"}],"replies":[{"embeddable":true,"href":"https:\/\/gemaglobe.com\/index.php\/wp-json\/wp\/v2\/comments?post=89"}],"wp:featuredmedia":[{"embeddable":true,"href":"https:\/\/gemaglobe.com\/index.php\/wp-json\/wp\/v2\/media\/163"}],"wp:attachment":[{"href":"https:\/\/gemaglobe.com\/index.php\/wp-json\/wp\/v2\/media?parent=89"}],"curies":[{"name":"wp","href":"https:\/\/api.w.org\/{rel}","templated":true}]}}