{"id":921,"date":"2021-12-07T15:38:04","date_gmt":"2021-12-07T20:38:04","guid":{"rendered":"https:\/\/gemagroup.ec\/?post_type=product&#038;p=921"},"modified":"2022-01-04T21:19:53","modified_gmt":"2022-01-05T02:19:53","slug":"monitor-de-calidad-del-aire-interior-tm-280-pm-2-5","status":"publish","type":"product","link":"https:\/\/gemaglobe.com\/index.php\/product\/monitor-de-calidad-del-aire-interior-tm-280-pm-2-5\/","title":{"rendered":"Monitor de calidad del aire interior WI-FI"},"content":{"rendered":"<p style=\"text-align: center;\"><strong>Descripci\u00f3n.<\/strong><\/p>\n<p style=\"text-align: center;\">Pantalla LCD TFT de 2 &#8221;<br \/>\nBot\u00f3n de encendido \/ apagado<br \/>\nFuente de alimentaci\u00f3n: bater\u00eda de litio recargable de 3.7V 18650 2600mA \/ h, duraci\u00f3n de la bater\u00eda 8 horas.<br \/>\nApagado autom\u00e1tico<br \/>\nLa pantalla de gr\u00e1fico de barras de seis colores corresponde al \u00edndice PM 2.5 AQI indica los diferentes niveles de preocupaci\u00f3n para la salud.<br \/>\nDimensi\u00f3n: 84 * 81 * 55 mm<br \/>\nPeso: alrededor de 215 g<\/p>\n<p><img loading=\"lazy\" class=\"alignnone wp-image-922 aligncenter\" src=\"http:\/\/gemagroup.ec\/wp-content\/uploads\/2021\/12\/Captura-de-pantalla-2021-12-07-a-las-15.24.41-1024x935.png\" alt=\"\" width=\"463\" height=\"422\" srcset=\"https:\/\/gemaglobe.com\/wp-content\/uploads\/2021\/12\/Captura-de-pantalla-2021-12-07-a-las-15.24.41-1024x935.png 1024w, https:\/\/gemaglobe.com\/wp-content\/uploads\/2021\/12\/Captura-de-pantalla-2021-12-07-a-las-15.24.41-300x274.png 300w, https:\/\/gemaglobe.com\/wp-content\/uploads\/2021\/12\/Captura-de-pantalla-2021-12-07-a-las-15.24.41-768x702.png 768w, https:\/\/gemaglobe.com\/wp-content\/uploads\/2021\/12\/Captura-de-pantalla-2021-12-07-a-las-15.24.41-547x500.png 547w, https:\/\/gemaglobe.com\/wp-content\/uploads\/2021\/12\/Captura-de-pantalla-2021-12-07-a-las-15.24.41-328x300.png 328w, https:\/\/gemaglobe.com\/wp-content\/uploads\/2021\/12\/Captura-de-pantalla-2021-12-07-a-las-15.24.41-600x548.png 600w, https:\/\/gemaglobe.com\/wp-content\/uploads\/2021\/12\/Captura-de-pantalla-2021-12-07-a-las-15.24.41-64x58.png 64w, https:\/\/gemaglobe.com\/wp-content\/uploads\/2021\/12\/Captura-de-pantalla-2021-12-07-a-las-15.24.41.png 1040w\" sizes=\"(max-width: 463px) 100vw, 463px\" \/><\/p>\n<p style=\"text-align: center;\"><strong>Tabla de b\u00fasqueda para el valor de AQI y PM2.5<\/strong><\/p>\n<p><img loading=\"lazy\" class=\"wp-image-923 aligncenter\" src=\"http:\/\/gemagroup.ec\/wp-content\/uploads\/2021\/12\/Captura-de-pantalla-2021-12-07-a-las-15.26.41-928x1024.png\" alt=\"\" width=\"478\" height=\"528\" srcset=\"https:\/\/gemaglobe.com\/wp-content\/uploads\/2021\/12\/Captura-de-pantalla-2021-12-07-a-las-15.26.41-928x1024.png 928w, https:\/\/gemaglobe.com\/wp-content\/uploads\/2021\/12\/Captura-de-pantalla-2021-12-07-a-las-15.26.41-272x300.png 272w, https:\/\/gemaglobe.com\/wp-content\/uploads\/2021\/12\/Captura-de-pantalla-2021-12-07-a-las-15.26.41-768x848.png 768w, https:\/\/gemaglobe.com\/wp-content\/uploads\/2021\/12\/Captura-de-pantalla-2021-12-07-a-las-15.26.41-453x500.png 453w, https:\/\/gemaglobe.com\/wp-content\/uploads\/2021\/12\/Captura-de-pantalla-2021-12-07-a-las-15.26.41-600x662.png 600w, https:\/\/gemaglobe.com\/wp-content\/uploads\/2021\/12\/Captura-de-pantalla-2021-12-07-a-las-15.26.41-64x71.png 64w, https:\/\/gemaglobe.com\/wp-content\/uploads\/2021\/12\/Captura-de-pantalla-2021-12-07-a-las-15.26.41.png 1216w\" sizes=\"(max-width: 478px) 100vw, 478px\" \/><\/p>\n<p>&nbsp;<\/p>\n<p>&nbsp;<\/p>\n","protected":false},"excerpt":{"rendered":"<p>Descripci\u00f3n.<\/p>\n<ul>\n<li>Medici\u00f3n instant\u00e1nea PM2.5.<\/li>\n<li>Visualizaci\u00f3n instant\u00e1nea de la hora y el mes del reloj<\/li>\n<li>Humidificaci\u00f3n ambiental y medici\u00f3n de temperatura.<\/li>\n<li>Cuando el WiFi del medidor est\u00e1 encendido, puede usar la APLICACI\u00d3N del tel\u00e9fono m\u00f3vil para ver los datos hist\u00f3ricos y en tiempo real de PM2.5.<\/li>\n<li>F\u00e1cil operaci\u00f3n desde un bot\u00f3n en la parte superior, cambie entre la funci\u00f3n de PM2.5, US AQI o CN AQI.<\/li>\n<\/ul>\n<p>&nbsp;<\/p>\n","protected":false},"featured_media":984,"comment_status":"open","ping_status":"closed","template":"","meta":[],"_links":{"self":[{"href":"https:\/\/gemaglobe.com\/index.php\/wp-json\/wp\/v2\/product\/921"}],"collection":[{"href":"https:\/\/gemaglobe.com\/index.php\/wp-json\/wp\/v2\/product"}],"about":[{"href":"https:\/\/gemaglobe.com\/index.php\/wp-json\/wp\/v2\/types\/product"}],"replies":[{"embeddable":true,"href":"https:\/\/gemaglobe.com\/index.php\/wp-json\/wp\/v2\/comments?post=921"}],"wp:featuredmedia":[{"embeddable":true,"href":"https:\/\/gemaglobe.com\/index.php\/wp-json\/wp\/v2\/media\/984"}],"wp:attachment":[{"href":"https:\/\/gemaglobe.com\/index.php\/wp-json\/wp\/v2\/media?parent=921"}],"curies":[{"name":"wp","href":"https:\/\/api.w.org\/{rel}","templated":true}]}}