{"id":928,"date":"2021-12-08T14:55:26","date_gmt":"2021-12-08T19:55:26","guid":{"rendered":"https:\/\/gemagroup.ec\/?post_type=product&#038;p=928"},"modified":"2021-12-08T15:05:04","modified_gmt":"2021-12-08T20:05:04","slug":"anemometro-de-bolsillo-tm-740","status":"publish","type":"product","link":"https:\/\/gemaglobe.com\/index.php\/product\/anemometro-de-bolsillo-tm-740\/","title":{"rendered":"Anem\u00f3metro de bolsillo TM-740"},"content":{"rendered":"<p><em>TM-740 es un modelo de bolsillo y de bajo costo, mide la velocidad del aire y la temperatura, y es ideal para mediciones puntuales.<\/em><\/p>\n<p style=\"text-align: center;\"><b>Tama\u00f1o<\/b><strong>\u00a0de bolsillo:<\/strong><\/p>\n<p style=\"text-align: center;\">Dimensiones: 135 \u00d7 48 \u00d7 23 mm (L \u00d7 W \u00d7 H).<br \/>\nPeso: 80 g (excluyendo la bater\u00eda).<\/p>\n<p style=\"text-align: center;\"><strong>Especificaciones.<\/strong><\/p>\n<p style=\"text-align: center;\">Pantalla LCD dual con m\u00e1x. lecturas es 9999 y 999.<br \/>\nFrecuencia de muestreo: 1 muestra por segundo.<br \/>\nFuente de alimentaci\u00f3n: 2 pilas 1.5V AAA MN2400 LR03 AM4.<br \/>\nDuraci\u00f3n de la bater\u00eda: 50 horas durante el uso consecutivo.<br \/>\nDimensiones: 135 \u00d7 48 \u00d7 23 mm (L \u00d7 W \u00d7 H).<br \/>\nPeso: 80 g (excluyendo la bater\u00eda).<br \/>\nAccesorios: manual de usuario, bater\u00eda y estuche de transporte.<\/p>\n<p style=\"text-align: center;\"><strong>Temperatura.<\/strong><\/p>\n<p><img loading=\"lazy\" class=\"alignnone  wp-image-929 aligncenter\" src=\"http:\/\/gemagroup.ec\/wp-content\/uploads\/2021\/12\/Captura-de-pantalla-2021-12-08-a-las-14.51.31-1024x462.png\" alt=\"\" width=\"777\" height=\"351\" srcset=\"https:\/\/gemaglobe.com\/wp-content\/uploads\/2021\/12\/Captura-de-pantalla-2021-12-08-a-las-14.51.31-1024x462.png 1024w, https:\/\/gemaglobe.com\/wp-content\/uploads\/2021\/12\/Captura-de-pantalla-2021-12-08-a-las-14.51.31-300x135.png 300w, https:\/\/gemaglobe.com\/wp-content\/uploads\/2021\/12\/Captura-de-pantalla-2021-12-08-a-las-14.51.31-768x346.png 768w, https:\/\/gemaglobe.com\/wp-content\/uploads\/2021\/12\/Captura-de-pantalla-2021-12-08-a-las-14.51.31-1536x693.png 1536w, https:\/\/gemaglobe.com\/wp-content\/uploads\/2021\/12\/Captura-de-pantalla-2021-12-08-a-las-14.51.31-840x379.png 840w, https:\/\/gemaglobe.com\/wp-content\/uploads\/2021\/12\/Captura-de-pantalla-2021-12-08-a-las-14.51.31-600x271.png 600w, https:\/\/gemaglobe.com\/wp-content\/uploads\/2021\/12\/Captura-de-pantalla-2021-12-08-a-las-14.51.31-64x29.png 64w, https:\/\/gemaglobe.com\/wp-content\/uploads\/2021\/12\/Captura-de-pantalla-2021-12-08-a-las-14.51.31.png 1840w\" sizes=\"(max-width: 777px) 100vw, 777px\" \/><\/p>\n<p>&nbsp;<\/p>\n<p>&nbsp;<\/p>\n","protected":false},"excerpt":{"rendered":"<ul>\n<li>Paleta de pl\u00e1stico de 30 mm 6.<\/li>\n<li>Respuesta de aire ligero 0,4 m \/ s.<\/li>\n<li>Funci\u00f3n de c\u00e1lculo de flujo de aire.<\/li>\n<li>Max \/ Min \/ Avg y retenci\u00f3n de datos.<\/li>\n<li>Apagado autom\u00e1tico con funci\u00f3n de desactivaci\u00f3n.<\/li>\n<\/ul>\n","protected":false},"featured_media":934,"comment_status":"open","ping_status":"closed","template":"","meta":[],"_links":{"self":[{"href":"https:\/\/gemaglobe.com\/index.php\/wp-json\/wp\/v2\/product\/928"}],"collection":[{"href":"https:\/\/gemaglobe.com\/index.php\/wp-json\/wp\/v2\/product"}],"about":[{"href":"https:\/\/gemaglobe.com\/index.php\/wp-json\/wp\/v2\/types\/product"}],"replies":[{"embeddable":true,"href":"https:\/\/gemaglobe.com\/index.php\/wp-json\/wp\/v2\/comments?post=928"}],"wp:featuredmedia":[{"embeddable":true,"href":"https:\/\/gemaglobe.com\/index.php\/wp-json\/wp\/v2\/media\/934"}],"wp:attachment":[{"href":"https:\/\/gemaglobe.com\/index.php\/wp-json\/wp\/v2\/media?parent=928"}],"curies":[{"name":"wp","href":"https:\/\/api.w.org\/{rel}","templated":true}]}}