{"id":966,"date":"2021-12-08T20:35:55","date_gmt":"2021-12-09T01:35:55","guid":{"rendered":"https:\/\/gemagroup.ec\/?post_type=product&#038;p=966"},"modified":"2021-12-08T20:35:55","modified_gmt":"2021-12-09T01:35:55","slug":"monitor-de-calidad-del-aire-interior-iaq-de-escritorio-st-502","status":"publish","type":"product","link":"https:\/\/gemaglobe.com\/index.php\/product\/monitor-de-calidad-del-aire-interior-iaq-de-escritorio-st-502\/","title":{"rendered":"Monitor de calidad del aire interior (IAQ) de escritorio ST-502"},"content":{"rendered":"<p><em>Monitoreo de HVAC de edificios.<\/em><\/p>\n<p><em>Encuesta de calidad del aire interior.<\/em><\/p>\n<p style=\"text-align: center;\"><strong>Especificaci\u00f3n<\/strong><\/p>\n<p style=\"text-align: center;\">&#8211; Adaptador de corriente AC 100V ~ 240V a DC 12V \/ 1.0A.<\/p>\n<p style=\"text-align: center;\">&#8211; Bater\u00eda de respaldo interna para mantener la configuraci\u00f3n de fecha \/ hora.<\/p>\n<p style=\"text-align: center;\">&#8211; Capacidad de registro de datos 17000 registros.<\/p>\n<p style=\"text-align: center;\">&#8211; Condici\u00f3n de funcionamiento: 0-50\u02daC (32-122\u02daF), 5-95% RH (sin condensaci\u00f3n).<\/p>\n<p style=\"text-align: center;\">&#8211; Temperatura y humedad de almacenamiento: -10 ~ 60\u02daC (14 ~ 140\u02daF) \u2266 70% RH.<\/p>\n<p style=\"text-align: center;\"><strong>Temperatura<\/strong><\/p>\n<p style=\"text-align: center;\"><img loading=\"lazy\" class=\"alignnone size-large wp-image-967\" src=\"http:\/\/gemagroup.ec\/wp-content\/uploads\/2021\/12\/Captura-de-pantalla-2021-12-08-a-las-20.31.32-1024x245.png\" alt=\"\" width=\"640\" height=\"153\" srcset=\"https:\/\/gemaglobe.com\/wp-content\/uploads\/2021\/12\/Captura-de-pantalla-2021-12-08-a-las-20.31.32-1024x245.png 1024w, https:\/\/gemaglobe.com\/wp-content\/uploads\/2021\/12\/Captura-de-pantalla-2021-12-08-a-las-20.31.32-300x72.png 300w, https:\/\/gemaglobe.com\/wp-content\/uploads\/2021\/12\/Captura-de-pantalla-2021-12-08-a-las-20.31.32-768x184.png 768w, https:\/\/gemaglobe.com\/wp-content\/uploads\/2021\/12\/Captura-de-pantalla-2021-12-08-a-las-20.31.32-1536x368.png 1536w, https:\/\/gemaglobe.com\/wp-content\/uploads\/2021\/12\/Captura-de-pantalla-2021-12-08-a-las-20.31.32-840x201.png 840w, https:\/\/gemaglobe.com\/wp-content\/uploads\/2021\/12\/Captura-de-pantalla-2021-12-08-a-las-20.31.32-600x144.png 600w, https:\/\/gemaglobe.com\/wp-content\/uploads\/2021\/12\/Captura-de-pantalla-2021-12-08-a-las-20.31.32-64x15.png 64w, https:\/\/gemaglobe.com\/wp-content\/uploads\/2021\/12\/Captura-de-pantalla-2021-12-08-a-las-20.31.32.png 1830w\" sizes=\"(max-width: 640px) 100vw, 640px\" \/><\/p>\n<p style=\"text-align: center;\"><strong>Humedad relativa<\/strong><\/p>\n<p style=\"text-align: center;\"><img loading=\"lazy\" class=\"alignnone size-large wp-image-968\" src=\"http:\/\/gemagroup.ec\/wp-content\/uploads\/2021\/12\/Captura-de-pantalla-2021-12-08-a-las-20.32.33-1024x240.png\" alt=\"\" width=\"640\" height=\"150\" srcset=\"https:\/\/gemaglobe.com\/wp-content\/uploads\/2021\/12\/Captura-de-pantalla-2021-12-08-a-las-20.32.33-1024x240.png 1024w, https:\/\/gemaglobe.com\/wp-content\/uploads\/2021\/12\/Captura-de-pantalla-2021-12-08-a-las-20.32.33-300x70.png 300w, https:\/\/gemaglobe.com\/wp-content\/uploads\/2021\/12\/Captura-de-pantalla-2021-12-08-a-las-20.32.33-768x180.png 768w, https:\/\/gemaglobe.com\/wp-content\/uploads\/2021\/12\/Captura-de-pantalla-2021-12-08-a-las-20.32.33-1536x360.png 1536w, https:\/\/gemaglobe.com\/wp-content\/uploads\/2021\/12\/Captura-de-pantalla-2021-12-08-a-las-20.32.33-840x197.png 840w, https:\/\/gemaglobe.com\/wp-content\/uploads\/2021\/12\/Captura-de-pantalla-2021-12-08-a-las-20.32.33-600x140.png 600w, https:\/\/gemaglobe.com\/wp-content\/uploads\/2021\/12\/Captura-de-pantalla-2021-12-08-a-las-20.32.33-64x15.png 64w, https:\/\/gemaglobe.com\/wp-content\/uploads\/2021\/12\/Captura-de-pantalla-2021-12-08-a-las-20.32.33.png 1820w\" sizes=\"(max-width: 640px) 100vw, 640px\" \/><\/p>\n<p style=\"text-align: center;\"><strong>CO2<\/strong><\/p>\n<p style=\"text-align: center;\"><img loading=\"lazy\" class=\"alignnone size-large wp-image-969\" src=\"http:\/\/gemagroup.ec\/wp-content\/uploads\/2021\/12\/Captura-de-pantalla-2021-12-08-a-las-20.33.24-1024x239.png\" alt=\"\" width=\"640\" height=\"149\" srcset=\"https:\/\/gemaglobe.com\/wp-content\/uploads\/2021\/12\/Captura-de-pantalla-2021-12-08-a-las-20.33.24-1024x239.png 1024w, https:\/\/gemaglobe.com\/wp-content\/uploads\/2021\/12\/Captura-de-pantalla-2021-12-08-a-las-20.33.24-300x70.png 300w, https:\/\/gemaglobe.com\/wp-content\/uploads\/2021\/12\/Captura-de-pantalla-2021-12-08-a-las-20.33.24-768x180.png 768w, https:\/\/gemaglobe.com\/wp-content\/uploads\/2021\/12\/Captura-de-pantalla-2021-12-08-a-las-20.33.24-1536x359.png 1536w, https:\/\/gemaglobe.com\/wp-content\/uploads\/2021\/12\/Captura-de-pantalla-2021-12-08-a-las-20.33.24-840x196.png 840w, https:\/\/gemaglobe.com\/wp-content\/uploads\/2021\/12\/Captura-de-pantalla-2021-12-08-a-las-20.33.24-600x140.png 600w, https:\/\/gemaglobe.com\/wp-content\/uploads\/2021\/12\/Captura-de-pantalla-2021-12-08-a-las-20.33.24-64x15.png 64w, https:\/\/gemaglobe.com\/wp-content\/uploads\/2021\/12\/Captura-de-pantalla-2021-12-08-a-las-20.33.24.png 1830w\" sizes=\"(max-width: 640px) 100vw, 640px\" \/><\/p>\n<p>&nbsp;<\/p>\n","protected":false},"excerpt":{"rendered":"<ul>\n<li>El sensor de CO2 infrarrojo no dispersivo (NDIR) garantiza estabilidad y durabilidad a largo plazo.<\/li>\n<li>4 Medidas-CO2 \/ CO2 Tasa de Ventilaci\u00f3n \/ Temperatura \/ Humedad.<\/li>\n<li>Gran pantalla.<\/li>\n<li>Software de PC f\u00e1cil de usar para la configuraci\u00f3n y el an\u00e1lisis de par\u00e1metros.<\/li>\n<li>Descarga USB r\u00e1pida<\/li>\n<li>Ajuste de alarma de CO2 \/ Temperatura \/ Humedad alta, baja.<\/li>\n<li>Col\u00f3quelo en la mesa o en la pared (use una tuerca de tr\u00edpode de 1\/4 \u201d).<\/li>\n<\/ul>\n","protected":false},"featured_media":970,"comment_status":"open","ping_status":"closed","template":"","meta":[],"_links":{"self":[{"href":"https:\/\/gemaglobe.com\/index.php\/wp-json\/wp\/v2\/product\/966"}],"collection":[{"href":"https:\/\/gemaglobe.com\/index.php\/wp-json\/wp\/v2\/product"}],"about":[{"href":"https:\/\/gemaglobe.com\/index.php\/wp-json\/wp\/v2\/types\/product"}],"replies":[{"embeddable":true,"href":"https:\/\/gemaglobe.com\/index.php\/wp-json\/wp\/v2\/comments?post=966"}],"wp:featuredmedia":[{"embeddable":true,"href":"https:\/\/gemaglobe.com\/index.php\/wp-json\/wp\/v2\/media\/970"}],"wp:attachment":[{"href":"https:\/\/gemaglobe.com\/index.php\/wp-json\/wp\/v2\/media?parent=966"}],"curies":[{"name":"wp","href":"https:\/\/api.w.org\/{rel}","templated":true}]}}