{"id":97,"date":"2019-06-05T20:24:36","date_gmt":"2019-06-05T18:24:36","guid":{"rendered":"http:\/\/gemagroupecuador.com\/?post_type=product&#038;p=97"},"modified":"2020-08-04T19:46:46","modified_gmt":"2020-08-05T00:46:46","slug":"penetrometro-para-suelos","status":"publish","type":"product","link":"https:\/\/gemaglobe.com\/index.php\/product\/penetrometro-para-suelos\/","title":{"rendered":"PENETR\u00d3METRO DE SUELO (de bolsillo)"},"content":{"rendered":"<p><strong>El penetr\u00f3metro de bolsillo para suelo,<\/strong>\u00a0\u00a0tambi\u00e9n llamado penetr\u00f3metro de mano, est\u00e1 construido de acero inoxidable.<\/p>\n<p>Es un dispositivo de mano simple, liviano, hecho para estimaciones instant\u00e1neas de resistencia a la compresi\u00f3n no confinada de suelos cohesivos.<\/p>\n<p>Sirve para la determinaci\u00f3n de resistencias al cizallamiento no confinadas<\/p>\n<p>El pist\u00f3n de penetraci\u00f3n de 0.25 pulg. (6.4 mm) de di\u00e1metro se empuja hacia la superficie del suelo hasta una ranura mecanizada en el pist\u00f3n a una profundidad de 0.25 pulg. (6.4 mm).\u00a0La resistencia a la penetraci\u00f3n del resorte calibrado se registra en una escala integrada grabada en el barril del penetr\u00f3metro.\u00a0Las unidades de escala se muestran en toneladas por pie cuadrado (tsf) o kg \/ cm\u00b2, y un anillo indicador deslizante retiene la lectura hasta que se restablece.<\/p>\n","protected":false},"excerpt":{"rendered":"<p><strong>CARACTERISTICAS:<\/strong><\/p>\n<ul>\n<li>Estimaciones r\u00e1pidas de resistencia a la compresi\u00f3n no confinada de suelos cohesivos<\/li>\n<li>La escala grabada se lee directamente en tsf o kg \/ cm\u00a0<sup>2<\/sup>\u00a0unidades<\/li>\n<li>El anillo indicador retiene la lectura m\u00e1xima.<\/li>\n<li>Construcci\u00f3n de acero inoxidable<\/li>\n<li>Cumple con las regulaciones de OSHA para evaluaciones de estabilidad de zanjas de suelo<\/li>\n<\/ul>\n<p><span style=\"font-family: -apple-system, BlinkMacSystemFont, 'Segoe UI', Roboto, Oxygen-Sans, Ubuntu, Cantarell, 'Helvetica Neue', sans-serif;\">El pist\u00f3n llega a una profundidad de 0.25 pulg. (6.4 mm)<\/span><\/p>\n","protected":false},"featured_media":464,"comment_status":"closed","ping_status":"closed","template":"","meta":[],"_links":{"self":[{"href":"https:\/\/gemaglobe.com\/index.php\/wp-json\/wp\/v2\/product\/97"}],"collection":[{"href":"https:\/\/gemaglobe.com\/index.php\/wp-json\/wp\/v2\/product"}],"about":[{"href":"https:\/\/gemaglobe.com\/index.php\/wp-json\/wp\/v2\/types\/product"}],"replies":[{"embeddable":true,"href":"https:\/\/gemaglobe.com\/index.php\/wp-json\/wp\/v2\/comments?post=97"}],"wp:featuredmedia":[{"embeddable":true,"href":"https:\/\/gemaglobe.com\/index.php\/wp-json\/wp\/v2\/media\/464"}],"wp:attachment":[{"href":"https:\/\/gemaglobe.com\/index.php\/wp-json\/wp\/v2\/media?parent=97"}],"curies":[{"name":"wp","href":"https:\/\/api.w.org\/{rel}","templated":true}]}}